 15?
9
What is the remainder when 392 is divided by 89?
36
Calculate the remainder when 317 is divided by 82.
71
Calculate the remainder when 7390 is divided by 176.
174
Calculate the remainder when 299 is divided by 41.
12
What is the remainder when 431 is divided by 107?
3
Calculate the remainder when 325 is divided by 34.
19
Calculate the remainder when 26893 is divided by 33.
31
What is the remainder when 1703 is divided by 425?
3
Calculate the remainder when 709 is divided by 7.
2
Calculate the remainder when 29 is divided by 2.
1
Calculate the remainder when 353 is divided by 89.
86
Calculate the remainder when 137 is divided by 72.
65
Calculate the remainder when 134 is divided by 71.
63
What is the remainder when 2449 is divided by 35?
34
Calculate the remainder when 525 is divided by 133.
126
What is the remainder when 2044 is divided by 23?
20
Calculate the remainder when 550 is divided by 38.
18
Calculate the remainder when 609 is divided by 27.
15
Calculate the remainder when 5431 is divided by 418.
415
Calculate the remainder when 182 is divided by 65.
52
What is the remainder when 1747 is divided by 113?
52
Calculate the remainder when 101 is divided by 35.
31
Calculate the remainder when 2806 is divided by 466.
10
What is the remainder when 660 is divided by 51?
48
Calculate the remainder when 422 is divided by 146.
130
What is the remainder when 1266 is divided by 255?
246
Calculate the remainder when 188 is divided by 25.
13
What is the remainder when 538 is divided by 90?
88
Calculate the remainder when 134 is divided by 27.
26
Calculate the remainder when 1056 is divided by 526.
4
What is the remainder when 895 is divided by 279?
58
Calculate the remainder when 8604 is divided by 41.
35
What is the remainder when 769 is divided by 35?
34
What is the remainder when 61 is divided by 26?
9
What is the remainder when 935 is divided by 22?
11
What is the remainder when 253 is divided by 19?
6
Calculate the remainder when 240 is divided by 28.
16
What is the remainder when 49 is divided by 15?
4
What is the remainder when 2687 is divided by 16?
15
What is the remainder when 364 is divided by 7?
0
What is the remainder when 177 is divided by 59?
0
What is the remainder when 209 is divided by 28?
13
Calculate the remainder when 6102 is divided by 5.
2
Calculate the remainder when 387 is divided by 17.
13
What is the remainder when 1116 is divided by 22?
16
What is the remainder when 1110 is divided by 31?
25
Calculate the remainder when 387 is divided by 13.
10
Calculate the remainder when 1957 is divided by 28.
25
Calculate the remainder when 234 is divided by 53.
22
Calculate the remainder when 2097 is divided by 12.
9
What is the remainder when 373 is divided by 22?
21
Calculate the remainder when 987 is divided by 71.
64
What is the remainder when 4029 is divided by 84?
81
Calculate the remainder when 91 is divided by 12.
7
What is the remainder when 228 is divided by 59?
51
Calculate the remainder when 186 is divided by 22.
10
What is the remainder when 118 is divided by 60?
58
What is the remainder when 1197 is divided by 18?
9
What is the remainder when 108 is divided by 13?
4
What is the remainder when 904 is divided by 178?
14
What is the remainder when 50 is divided by 16?
2
What is the remainder when 6298 is divided by 35?
33
Calculate the remainder when 80 is divided by 26.
2
Calculate the remainder when 905 is divided by 448.
9
Calculate the remainder when 729 is divided by 43.
41
Calculate the remainder when 2704 is divided by 901.
1
Calculate the remainder when 1372 is divided by 8.
4
What is the remainder when 185 is divided by 21?
17
Calculate the remainder when 228 is divided by 169.
59
Calculate the remainder when 394 is divided by 52.
30
Calculate the remainder when 43699 is divided by 50.
49
What is the remainder when 84 is divided by 39?
6
Calculate the remainder when 143 is divided by 29.
27
What is the remainder when 49492 is divided by 339?
337
What is the remainder when 1519 is divided by 127?
122
What is the remainder when 5509 is divided by 104?
101
Calculate the remainder when 64 is divided by 38.
26
What is the remainder when 90 is divided by 67?
23
Calculate the remainder when 133 is divided by 15.
13
Calculate the remainder when 525 is divided by 64.
13
What is the remainder when 149 is divided by 22?
17
Calculate the remainder when 310 is divided by 79.
73
Calculate the remainder when 172 is divided by 16.
12
What is the remainder when 2655 is divided by 166?
165
Calculate the remainder when 1648 is divided by 412.
0
Calculate the remainder when 56 is divided by 41.
15
What is the remainder when 3130 is divided by 29?
27
What is the remainder when 87 is divided by 32?
23
What is the remainder when 57 is divided by 32?
25
What is the remainder when 85 is divided by 23?
16
Calculate the remainder when 913 is divided by 70.
3
What is the remainder when 148 is divided by 35?
8
What is the remainder when 5530 is divided by 2757?
16
What is the remainder when 121 is divided by 18?
13
What is the remainder when 285 is divided by 283?
2
Calculate the remainder when 355 is divided by 104.
43
What is the remainder when 243 is divided by 7?
5
Calculate the remainder when 664 is divided by 296.
72
Calculate the remainder when 483 is divided by 231.
21
What is the remainder when 2024 is divided by 45?
44
Calculate the remainder when 1603 is divided by 89.
1
What is the remainder when 241 is divided by 123?
118
Calculate the remainder when 77 is divided by 20.
17
Calculate the remainder when 40 is divided by 6.
4
Calculate the remainder when 188 is divided by 8.
4
What is the remainder when 2418 is divided by 22?
20
What is the remainder when 288 is divided by 43?
30
What is the remainder when 251 is divided by 10?
1
What is the remainder when 81 is divided by 23?
12
Calculate the remainder when 69 is divided by 59.
10
Calculate the remainder when 228 is divided by 54.
12
What is the remainder when 8245 is divided by 75?
70
Calculate the remainder when 322 is divided by 21.
7
Calculate the remainder when 369 is divided by 11.
6
Calculate the remainder when 2047 is divided by 402.
37
What is the remainder when 362 is divided by 73?
70
What is the remainder when 76 is divided by 13?
11
What is the remainder when 1531 is divided by 63?
19
Calculate the remainder when 589 is divided by 122.
101
What is the remainder when 678 is divided by 173?
159
Calculate the remainder when 838 is divided by 70.
68
What is the remainder when 4850 is divided by 2425?
0
Calculate the remainder when 584 is divided by 7.
3
Calculate the remainder when 786 is divided by 6.
0
What is the remainder when 2668 is divided by 45?
13
Calculate the remainder when 796 is divided by 35.
26
Calculate the remainder when 1609 is divided by 23.
22
Calculate the remainder when 4798 is divided by 25.
23
Calculate the remainder when 293 is divided by 92.
17
Calculate the remainder when 70 is divided by 38.
32
Calculate the remainder when 182 is divided by 97.
85
What is the remainder when 579 is divided by 8?
3
What is the remainder when 797 is divided by 87?
14
Calculate the remainder when 12119 is divided by 38.
35
What is the remainder when 49 is divided by 18?
13
What is the remainder when 3269 is divided by 543?
11
Calculate the remainder when 1268 is divided by 21.
8
Calculate the remainder when 58 is divided by 29.
0
What is the remainder when 105 is divided by 19?
10
Calculate the remainder when 511 is divided by 84.
7
Calculate the remainder when 58 is divided by 18.
4
What is the remainder when 3808 is divided by 1900?
8
What is the remainder when 334 is divided by 274?
60
Calculate the remainder when 893 is divided by 296.
5
Calculate the remainder when 145 is divided by 37.
34
What is the remainder when 1095 is divided by 45?
15
Calculate the remainder when 555 is divided by 93.
90
What is the remainder when 1299 is divided by 394?
117
Calculate the remainder when 59 is divided by 17.
8
Calculate the remainder when 82 is divided by 75.
7
What is the remainder when 64 is divided by 35?
29
Calculate the remainder when 126 is divided by 19.
12
Calculate the remainder when 14975 is divided by 144.
143
Calculate the remainder when 24703 is di